{"id":1076,"date":"2019-05-09T11:05:12","date_gmt":"2019-05-09T09:05:12","guid":{"rendered":"https:\/\/pflanzenkohle.de\/?post_type=product&#038;p=1076"},"modified":"2025-03-09T11:05:25","modified_gmt":"2025-03-09T10:05:25","slug":"biogaskohle-1200-liter","status":"publish","type":"product","link":"https:\/\/pflanzenkohle.de\/index.php\/produkt\/biogaskohle-1200-liter\/","title":{"rendered":"Biogaskohle 1300 Liter"},"content":{"rendered":"<h2><strong>Vorteile beim Einsatz in der Biogasanlage:<\/strong><\/h2>\n<p><b>\u00a0<\/b>Ein Instrument zur aktiven Kohlendioxidausschleusung aus der Atmosph\u00e4re ist die sogenannte Pflanzenkohle. Durch eine thermochemische Biomassebehandlung (Pyrolyse) wird der gebundene Kohlenstoff stabilisiert und l\u00e4sst sich somit dauerhaft der Atmosph\u00e4re entziehen. Das erzeugte Produkt (Pflanzenkohle) kann vor allem auf landwirtschaftlichen Fl\u00e4chen eingesetzt werden. Erste Analysen zeigen, dass sich dieser Einsatz betriebswirtschaftlich jedoch noch nicht rentiert. Daher m\u00fcssen weitere Einsatzm\u00f6glichkeiten entlang der landwirtschaftlichen Kaskade, in denen ein zus\u00e4tzlicher Ertrag generiert werden kann, identifiziert werden. Eine dieser M\u00f6glichkeiten ist die Nutzung der Pflanzenkohle als Additiv im Biogasprozess. Verschiedene internationale Forschungsinstitute haben durch das Beimischen der Pflanzenkohle einen erh\u00f6hten Gasertrag messen k\u00f6nnen.<\/p>\n<p>Unter anderem soll die Akkumulation von Methanogenen sowie die erh\u00f6hte Aufwuchsfl\u00e4che die mikrobielle Funktionalit\u00e4t unterst\u00fctzen und somit ein erh\u00f6hter Gasertrag erzielt werden. Die hier vorgestellte Analyse ging der Frage nach, welcher Einsatzort im Fermentationsprozess (Hauptfermenter, bzw. Nachg\u00e4rer) am sinnvollsten bzgl. der Gasertr\u00e4ge ist. Durch die Zugabe der Pflanzenkohle in den Hauptfermenter konnten etwa 9% mehr Methan \u00fcber insgesamt 91 Tage erzeugt werden. Die Untersuchung im Nachg\u00e4rer wurde in zwei unterschiedlichen Varianten durchgef\u00fchrt und so auch der Einfluss der Oberfl\u00e4che (gro\u00dfe Kohlepartikel) untersucht.<\/p>\n<p><strong>Die Zugabe der urspr\u00fcnglichen Pflanzenkohle f\u00fchrte zu einem Mehrertrag von gut 13%, und durch die gro\u00dfen Kohlepartikel konnte sogar 24% mehr Methan erzeugt werden.<\/strong><\/p>\n<p>&nbsp;<\/p>\n<p><strong>__________________________<\/strong><\/p>\n<p>Wir verkaufen auch bei ebay.<br \/>\n<a href=\"http:\/\/www.ebay.de\/sch\/pflanzenkohle\/m.html?_nkw=&amp;amp;_armrs=1&amp;amp;_ipg=&amp;amp;_from=\">Hier geht&#8217;s direkt zu unserem Ebay Shop<\/a><\/p>\n","protected":false},"excerpt":{"rendered":"<p>K\u00f6rnung 0-3 mm<br \/>\n1.300 Liter<br \/>\nreine, biologische Pflanzenkohle im Bag Pack<\/p>\n<p>zur Verwendung als Zugabe in G\u00fclle und Biogasanlagen.<\/p>\n<p>Dank des Einsatzes von Pflanzenkohle und der Steuerung des mikrobiellen Milieus in der G\u00fcllegrube, lassen sich die Stoffkreisl\u00e4ufe schlie\u00dfen. Aus G\u00fclle wird so ein hocheffizientes, nachhaltiges und geruchlose D\u00fcngemittel.<\/p>\n","protected":false},"featured_media":789,"template":"","meta":[],"product_brand":[],"product_cat":[313],"product_tag":[],"class_list":{"0":"post-1076","1":"product","2":"type-product","3":"status-publish","4":"has-post-thumbnail","6":"product_cat-biogaskohle","8":"first","9":"outofstock","10":"taxable","11":"shipping-taxable","12":"purchasable","13":"product-type-simple"},"_links":{"self":[{"href":"https:\/\/pflanzenkohle.de\/index.php\/wp-json\/wp\/v2\/product\/1076","targetHints":{"allow":["GET"]}}],"collection":[{"href":"https:\/\/pflanzenkohle.de\/index.php\/wp-json\/wp\/v2\/product"}],"about":[{"href":"https:\/\/pflanzenkohle.de\/index.php\/wp-json\/wp\/v2\/types\/product"}],"wp:featuredmedia":[{"embeddable":true,"href":"https:\/\/pflanzenkohle.de\/index.php\/wp-json\/wp\/v2\/media\/789"}],"wp:attachment":[{"href":"https:\/\/pflanzenkohle.de\/index.php\/wp-json\/wp\/v2\/media?parent=1076"}],"wp:term":[{"taxonomy":"product_brand","embeddable":true,"href":"https:\/\/pflanzenkohle.de\/index.php\/wp-json\/wp\/v2\/product_brand?post=1076"},{"taxonomy":"product_cat","embeddable":true,"href":"https:\/\/pflanzenkohle.de\/index.php\/wp-json\/wp\/v2\/product_cat?post=1076"},{"taxonomy":"product_tag","embeddable":true,"href":"https:\/\/pflanzenkohle.de\/index.php\/wp-json\/wp\/v2\/product_tag?post=1076"}],"curies":[{"name":"wp","href":"https:\/\/api.w.org\/{rel}","templated":true}]}}